{"id":514,"date":"2020-03-06T19:30:23","date_gmt":"2020-03-06T19:30:23","guid":{"rendered":"https:\/\/roboter-bmv-essen.de\/?page_id=514"},"modified":"2020-03-06T19:47:39","modified_gmt":"2020-03-06T19:47:39","slug":"robocup-2020","status":"publish","type":"page","link":"https:\/\/roboter-bmv-essen.de\/?page_id=514","title":{"rendered":"RoboCup 2020"},"content":{"rendered":"\n<figure class=\"wp-block-image size-large\"><img decoding=\"async\" src=\"https:\/\/roboter-bmv-essen.de\/wp-content\/uploads\/2020\/03\/IMG_3707-Kopie-1024x682.png\" alt=\"\" class=\"wp-image-524\"\/><\/figure>\n\n\n\n<p>2020 ist die BMV wieder in den Kategorien Rescue Line und OnStage vertreten. Im Unterschied zum letzten Jahr, waren die Teams in diesem Jahr nicht nach Jahrg\u00e4ngen getrennt. Das neue Konzept sieht vor, die erfahrenen Sch\u00fclerinnen aus Klasse 12 auf alle Teams aufzuteilen um den Wissenstransfer unter den Sch\u00fcler*innen zu f\u00f6rdern. So ist es uns gelungen zwei Rescue Line und ein OnStage Team auf die Beine zu stellen.<\/p>\n\n\n\n<p><a href=\"https:\/\/roboter-bmv-essen.de\/?page_id=526\">Rescue Line Team: 5.1 Bits<\/a><br><a href=\"https:\/\/roboter-bmv-essen.de\/?page_id=532\">Rescue Line Team: 5.2 Bits<\/a><br><a href=\"https:\/\/roboter-bmv-essen.de\/?page_id=534\">OnStage Team: MiniRobots<\/a><br>OnStage Projekt: MiniRobots im Weltall<\/p>\n","protected":false},"excerpt":{"rendered":"<p>2020 ist die BMV wieder in den Kategorien Rescue Line und OnStage vertreten. Im Unterschied zum letzten Jahr, waren die Teams in diesem Jahr nicht nach Jahrg\u00e4ngen getrennt. Das neue Konzept sieht vor, die erfahrenen Sch\u00fclerinnen aus Klasse 12 auf alle Teams aufzuteilen um den Wissenstransfer unter den Sch\u00fcler*innen zu f\u00f6rdern. So ist es uns [&hellip;]<\/p>\n","protected":false},"author":2,"featured_media":0,"parent":0,"menu_order":0,"comment_status":"closed","ping_status":"closed","template":"","meta":{"footnotes":""},"class_list":["post-514","page","type-page","status-publish","hentry"],"yoast_head":"<!-- This site is optimized with the Yoast SEO plugin v27.4 - https:\/\/yoast.com\/product\/yoast-seo-wordpress\/ -->\n<title>RoboCup 2020 - Roboter AG<\/title>\n<meta name=\"robots\" content=\"index, follow, max-snippet:-1, max-image-preview:large, max-video-preview:-1\" \/>\n<link rel=\"canonical\" href=\"https:\/\/roboter-bmv-essen.de\/?page_id=514\" \/>\n<meta property=\"og:locale\" content=\"de_DE\" \/>\n<meta property=\"og:type\" content=\"article\" \/>\n<meta property=\"og:title\" content=\"RoboCup 2020 - Roboter AG\" \/>\n<meta property=\"og:description\" content=\"2020 ist die BMV wieder in den Kategorien Rescue Line und OnStage vertreten. Im Unterschied zum letzten Jahr, waren die Teams in diesem Jahr nicht nach Jahrg\u00e4ngen getrennt. Das neue Konzept sieht vor, die erfahrenen Sch\u00fclerinnen aus Klasse 12 auf alle Teams aufzuteilen um den Wissenstransfer unter den Sch\u00fcler*innen zu f\u00f6rdern. So ist es uns [&hellip;]\" \/>\n<meta property=\"og:url\" content=\"https:\/\/roboter-bmv-essen.de\/?page_id=514\" \/>\n<meta property=\"og:site_name\" content=\"Roboter AG\" \/>\n<meta property=\"article:modified_time\" content=\"2020-03-06T19:47:39+00:00\" \/>\n<meta property=\"og:image\" content=\"https:\/\/roboter-bmv-essen.de\/wp-content\/uploads\/2020\/03\/IMG_3707-Kopie-1024x682.png\" \/>\n<meta name=\"twitter:card\" content=\"summary_large_image\" \/>\n<script type=\"application\/ld+json\" class=\"yoast-schema-graph\">{\"@context\":\"https:\\\/\\\/schema.org\",\"@graph\":[{\"@type\":\"WebPage\",\"@id\":\"https:\\\/\\\/roboter-bmv-essen.de\\\/?page_id=514\",\"url\":\"https:\\\/\\\/roboter-bmv-essen.de\\\/?page_id=514\",\"name\":\"RoboCup 2020 - Roboter AG\",\"isPartOf\":{\"@id\":\"https:\\\/\\\/roboter-bmv-essen.de\\\/#website\"},\"primaryImageOfPage\":{\"@id\":\"https:\\\/\\\/roboter-bmv-essen.de\\\/?page_id=514#primaryimage\"},\"image\":{\"@id\":\"https:\\\/\\\/roboter-bmv-essen.de\\\/?page_id=514#primaryimage\"},\"thumbnailUrl\":\"https:\\\/\\\/roboter-bmv-essen.de\\\/wp-content\\\/uploads\\\/2020\\\/03\\\/IMG_3707-Kopie-1024x682.png\",\"datePublished\":\"2020-03-06T19:30:23+00:00\",\"dateModified\":\"2020-03-06T19:47:39+00:00\",\"breadcrumb\":{\"@id\":\"https:\\\/\\\/roboter-bmv-essen.de\\\/?page_id=514#breadcrumb\"},\"inLanguage\":\"de\",\"potentialAction\":[{\"@type\":\"ReadAction\",\"target\":[\"https:\\\/\\\/roboter-bmv-essen.de\\\/?page_id=514\"]}]},{\"@type\":\"ImageObject\",\"inLanguage\":\"de\",\"@id\":\"https:\\\/\\\/roboter-bmv-essen.de\\\/?page_id=514#primaryimage\",\"url\":\"https:\\\/\\\/roboter-bmv-essen.de\\\/wp-content\\\/uploads\\\/2020\\\/03\\\/IMG_3707-Kopie-1024x682.png\",\"contentUrl\":\"https:\\\/\\\/roboter-bmv-essen.de\\\/wp-content\\\/uploads\\\/2020\\\/03\\\/IMG_3707-Kopie-1024x682.png\"},{\"@type\":\"BreadcrumbList\",\"@id\":\"https:\\\/\\\/roboter-bmv-essen.de\\\/?page_id=514#breadcrumb\",\"itemListElement\":[{\"@type\":\"ListItem\",\"position\":1,\"name\":\"Startseite\",\"item\":\"https:\\\/\\\/roboter-bmv-essen.de\\\/\"},{\"@type\":\"ListItem\",\"position\":2,\"name\":\"RoboCup 2020\"}]},{\"@type\":\"WebSite\",\"@id\":\"https:\\\/\\\/roboter-bmv-essen.de\\\/#website\",\"url\":\"https:\\\/\\\/roboter-bmv-essen.de\\\/\",\"name\":\"Die Roboter AG\",\"description\":\"Auf dem Weg nach Sydney\",\"publisher\":{\"@id\":\"https:\\\/\\\/roboter-bmv-essen.de\\\/#organization\"},\"potentialAction\":[{\"@type\":\"SearchAction\",\"target\":{\"@type\":\"EntryPoint\",\"urlTemplate\":\"https:\\\/\\\/roboter-bmv-essen.de\\\/?s={search_term_string}\"},\"query-input\":{\"@type\":\"PropertyValueSpecification\",\"valueRequired\":true,\"valueName\":\"search_term_string\"}}],\"inLanguage\":\"de\"},{\"@type\":\"Organization\",\"@id\":\"https:\\\/\\\/roboter-bmv-essen.de\\\/#organization\",\"name\":\"Roboter AG der BMV-Schule Essen\",\"url\":\"https:\\\/\\\/roboter-bmv-essen.de\\\/\",\"logo\":{\"@type\":\"ImageObject\",\"inLanguage\":\"de\",\"@id\":\"https:\\\/\\\/roboter-bmv-essen.de\\\/#\\\/schema\\\/logo\\\/image\\\/\",\"url\":\"https:\\\/\\\/roboter-bmv-essen.de\\\/wp-content\\\/uploads\\\/2019\\\/05\\\/cropped-robi-1-1.png\",\"contentUrl\":\"https:\\\/\\\/roboter-bmv-essen.de\\\/wp-content\\\/uploads\\\/2019\\\/05\\\/cropped-robi-1-1.png\",\"width\":267,\"height\":342,\"caption\":\"Roboter AG der BMV-Schule Essen\"},\"image\":{\"@id\":\"https:\\\/\\\/roboter-bmv-essen.de\\\/#\\\/schema\\\/logo\\\/image\\\/\"}}]}<\/script>\n<!-- \/ Yoast SEO plugin. -->","yoast_head_json":{"title":"RoboCup 2020 - Roboter AG","robots":{"index":"index","follow":"follow","max-snippet":"max-snippet:-1","max-image-preview":"max-image-preview:large","max-video-preview":"max-video-preview:-1"},"canonical":"https:\/\/roboter-bmv-essen.de\/?page_id=514","og_locale":"de_DE","og_type":"article","og_title":"RoboCup 2020 - Roboter AG","og_description":"2020 ist die BMV wieder in den Kategorien Rescue Line und OnStage vertreten. Im Unterschied zum letzten Jahr, waren die Teams in diesem Jahr nicht nach Jahrg\u00e4ngen getrennt. Das neue Konzept sieht vor, die erfahrenen Sch\u00fclerinnen aus Klasse 12 auf alle Teams aufzuteilen um den Wissenstransfer unter den Sch\u00fcler*innen zu f\u00f6rdern. So ist es uns [&hellip;]","og_url":"https:\/\/roboter-bmv-essen.de\/?page_id=514","og_site_name":"Roboter AG","article_modified_time":"2020-03-06T19:47:39+00:00","og_image":[{"url":"https:\/\/roboter-bmv-essen.de\/wp-content\/uploads\/2020\/03\/IMG_3707-Kopie-1024x682.png","type":"","width":"","height":""}],"twitter_card":"summary_large_image","schema":{"@context":"https:\/\/schema.org","@graph":[{"@type":"WebPage","@id":"https:\/\/roboter-bmv-essen.de\/?page_id=514","url":"https:\/\/roboter-bmv-essen.de\/?page_id=514","name":"RoboCup 2020 - Roboter AG","isPartOf":{"@id":"https:\/\/roboter-bmv-essen.de\/#website"},"primaryImageOfPage":{"@id":"https:\/\/roboter-bmv-essen.de\/?page_id=514#primaryimage"},"image":{"@id":"https:\/\/roboter-bmv-essen.de\/?page_id=514#primaryimage"},"thumbnailUrl":"https:\/\/roboter-bmv-essen.de\/wp-content\/uploads\/2020\/03\/IMG_3707-Kopie-1024x682.png","datePublished":"2020-03-06T19:30:23+00:00","dateModified":"2020-03-06T19:47:39+00:00","breadcrumb":{"@id":"https:\/\/roboter-bmv-essen.de\/?page_id=514#breadcrumb"},"inLanguage":"de","potentialAction":[{"@type":"ReadAction","target":["https:\/\/roboter-bmv-essen.de\/?page_id=514"]}]},{"@type":"ImageObject","inLanguage":"de","@id":"https:\/\/roboter-bmv-essen.de\/?page_id=514#primaryimage","url":"https:\/\/roboter-bmv-essen.de\/wp-content\/uploads\/2020\/03\/IMG_3707-Kopie-1024x682.png","contentUrl":"https:\/\/roboter-bmv-essen.de\/wp-content\/uploads\/2020\/03\/IMG_3707-Kopie-1024x682.png"},{"@type":"BreadcrumbList","@id":"https:\/\/roboter-bmv-essen.de\/?page_id=514#breadcrumb","itemListElement":[{"@type":"ListItem","position":1,"name":"Startseite","item":"https:\/\/roboter-bmv-essen.de\/"},{"@type":"ListItem","position":2,"name":"RoboCup 2020"}]},{"@type":"WebSite","@id":"https:\/\/roboter-bmv-essen.de\/#website","url":"https:\/\/roboter-bmv-essen.de\/","name":"Die Roboter AG","description":"Auf dem Weg nach Sydney","publisher":{"@id":"https:\/\/roboter-bmv-essen.de\/#organization"},"potentialAction":[{"@type":"SearchAction","target":{"@type":"EntryPoint","urlTemplate":"https:\/\/roboter-bmv-essen.de\/?s={search_term_string}"},"query-input":{"@type":"PropertyValueSpecification","valueRequired":true,"valueName":"search_term_string"}}],"inLanguage":"de"},{"@type":"Organization","@id":"https:\/\/roboter-bmv-essen.de\/#organization","name":"Roboter AG der BMV-Schule Essen","url":"https:\/\/roboter-bmv-essen.de\/","logo":{"@type":"ImageObject","inLanguage":"de","@id":"https:\/\/roboter-bmv-essen.de\/#\/schema\/logo\/image\/","url":"https:\/\/roboter-bmv-essen.de\/wp-content\/uploads\/2019\/05\/cropped-robi-1-1.png","contentUrl":"https:\/\/roboter-bmv-essen.de\/wp-content\/uploads\/2019\/05\/cropped-robi-1-1.png","width":267,"height":342,"caption":"Roboter AG der BMV-Schule Essen"},"image":{"@id":"https:\/\/roboter-bmv-essen.de\/#\/schema\/logo\/image\/"}}]}},"_links":{"self":[{"href":"https:\/\/roboter-bmv-essen.de\/index.php?rest_route=\/wp\/v2\/pages\/514","targetHints":{"allow":["GET"]}}],"collection":[{"href":"https:\/\/roboter-bmv-essen.de\/index.php?rest_route=\/wp\/v2\/pages"}],"about":[{"href":"https:\/\/roboter-bmv-essen.de\/index.php?rest_route=\/wp\/v2\/types\/page"}],"author":[{"embeddable":true,"href":"https:\/\/roboter-bmv-essen.de\/index.php?rest_route=\/wp\/v2\/users\/2"}],"replies":[{"embeddable":true,"href":"https:\/\/roboter-bmv-essen.de\/index.php?rest_route=%2Fwp%2Fv2%2Fcomments&post=514"}],"version-history":[{"count":0,"href":"https:\/\/roboter-bmv-essen.de\/index.php?rest_route=\/wp\/v2\/pages\/514\/revisions"}],"wp:attachment":[{"href":"https:\/\/roboter-bmv-essen.de\/index.php?rest_route=%2Fwp%2Fv2%2Fmedia&parent=514"}],"curies":[{"name":"wp","href":"https:\/\/api.w.org\/{rel}","templated":true}]}}