{"id":46,"date":"2019-05-14T14:33:10","date_gmt":"2019-05-14T14:33:10","guid":{"rendered":"https:\/\/roboter-bmv-essen.de\/?page_id=46"},"modified":"2019-05-14T14:33:10","modified_gmt":"2019-05-14T14:33:10","slug":"der-robocup","status":"publish","type":"page","link":"https:\/\/roboter-bmv-essen.de\/?page_id=46","title":{"rendered":"Der RoboCup"},"content":{"rendered":"\n<p>Der RoboCup ist ein internationaler\nWettbewerb, der die Intention besitzt, vor allem jungen Leuten den Umgang mit\nRobotern n\u00e4her zu bringen. Dabei simulieren alle Ligen ein bestimmtes Ph\u00e4nomen\nvor, welches auch in der realen Welt zu finden ist (zum Beispiel geht es bei\nder Kategorie Rescue Line um die Simulation einer verletzten Person in schwer\nzug\u00e4nglichem Gel\u00e4nde). Der Wettbewerb richtet sich an Sch\u00fcler und Studenten und\nist in die Altersklassen Major und Junior unterteilt. Jede dieser Kategorien\nverf\u00fcgt \u00fcber verschiedene Wettbewerbsformate. <\/p>\n\n\n\n<p>Mehr Informationen gibt es auf <a href=\"https:\/\/www.robocupgermanopen.de\/\">https:\/\/www.robocupgermanopen.de\/<\/a> .<\/p>\n","protected":false},"excerpt":{"rendered":"<p>Der RoboCup ist ein internationaler Wettbewerb, der die Intention besitzt, vor allem jungen Leuten den Umgang mit Robotern n\u00e4her zu bringen. Dabei simulieren alle Ligen ein bestimmtes Ph\u00e4nomen vor, welches auch in der realen Welt zu finden ist (zum Beispiel geht es bei der Kategorie Rescue Line um die Simulation einer verletzten Person in schwer [&hellip;]<\/p>\n","protected":false},"author":3,"featured_media":0,"parent":0,"menu_order":0,"comment_status":"closed","ping_status":"closed","template":"","meta":{"footnotes":""},"class_list":["post-46","page","type-page","status-publish","hentry"],"yoast_head":"<!-- This site is optimized with the Yoast SEO plugin v27.4 - https:\/\/yoast.com\/product\/yoast-seo-wordpress\/ -->\n<title>Der RoboCup - Roboter AG<\/title>\n<meta name=\"robots\" content=\"index, follow, max-snippet:-1, max-image-preview:large, max-video-preview:-1\" \/>\n<link rel=\"canonical\" href=\"https:\/\/roboter-bmv-essen.de\/?page_id=46\" \/>\n<meta property=\"og:locale\" content=\"de_DE\" \/>\n<meta property=\"og:type\" content=\"article\" \/>\n<meta property=\"og:title\" content=\"Der RoboCup - Roboter AG\" \/>\n<meta property=\"og:description\" content=\"Der RoboCup ist ein internationaler Wettbewerb, der die Intention besitzt, vor allem jungen Leuten den Umgang mit Robotern n\u00e4her zu bringen. Dabei simulieren alle Ligen ein bestimmtes Ph\u00e4nomen vor, welches auch in der realen Welt zu finden ist (zum Beispiel geht es bei der Kategorie Rescue Line um die Simulation einer verletzten Person in schwer [&hellip;]\" \/>\n<meta property=\"og:url\" content=\"https:\/\/roboter-bmv-essen.de\/?page_id=46\" \/>\n<meta property=\"og:site_name\" content=\"Roboter AG\" \/>\n<meta name=\"twitter:card\" content=\"summary_large_image\" \/>\n<script type=\"application\/ld+json\" class=\"yoast-schema-graph\">{\"@context\":\"https:\\\/\\\/schema.org\",\"@graph\":[{\"@type\":\"WebPage\",\"@id\":\"https:\\\/\\\/roboter-bmv-essen.de\\\/?page_id=46\",\"url\":\"https:\\\/\\\/roboter-bmv-essen.de\\\/?page_id=46\",\"name\":\"Der RoboCup - Roboter AG\",\"isPartOf\":{\"@id\":\"https:\\\/\\\/roboter-bmv-essen.de\\\/#website\"},\"datePublished\":\"2019-05-14T14:33:10+00:00\",\"breadcrumb\":{\"@id\":\"https:\\\/\\\/roboter-bmv-essen.de\\\/?page_id=46#breadcrumb\"},\"inLanguage\":\"de\",\"potentialAction\":[{\"@type\":\"ReadAction\",\"target\":[\"https:\\\/\\\/roboter-bmv-essen.de\\\/?page_id=46\"]}]},{\"@type\":\"BreadcrumbList\",\"@id\":\"https:\\\/\\\/roboter-bmv-essen.de\\\/?page_id=46#breadcrumb\",\"itemListElement\":[{\"@type\":\"ListItem\",\"position\":1,\"name\":\"Startseite\",\"item\":\"https:\\\/\\\/roboter-bmv-essen.de\\\/\"},{\"@type\":\"ListItem\",\"position\":2,\"name\":\"Der RoboCup\"}]},{\"@type\":\"WebSite\",\"@id\":\"https:\\\/\\\/roboter-bmv-essen.de\\\/#website\",\"url\":\"https:\\\/\\\/roboter-bmv-essen.de\\\/\",\"name\":\"Die Roboter AG\",\"description\":\"Auf dem Weg nach Sydney\",\"publisher\":{\"@id\":\"https:\\\/\\\/roboter-bmv-essen.de\\\/#organization\"},\"potentialAction\":[{\"@type\":\"SearchAction\",\"target\":{\"@type\":\"EntryPoint\",\"urlTemplate\":\"https:\\\/\\\/roboter-bmv-essen.de\\\/?s={search_term_string}\"},\"query-input\":{\"@type\":\"PropertyValueSpecification\",\"valueRequired\":true,\"valueName\":\"search_term_string\"}}],\"inLanguage\":\"de\"},{\"@type\":\"Organization\",\"@id\":\"https:\\\/\\\/roboter-bmv-essen.de\\\/#organization\",\"name\":\"Roboter AG der BMV-Schule Essen\",\"url\":\"https:\\\/\\\/roboter-bmv-essen.de\\\/\",\"logo\":{\"@type\":\"ImageObject\",\"inLanguage\":\"de\",\"@id\":\"https:\\\/\\\/roboter-bmv-essen.de\\\/#\\\/schema\\\/logo\\\/image\\\/\",\"url\":\"https:\\\/\\\/roboter-bmv-essen.de\\\/wp-content\\\/uploads\\\/2019\\\/05\\\/cropped-robi-1-1.png\",\"contentUrl\":\"https:\\\/\\\/roboter-bmv-essen.de\\\/wp-content\\\/uploads\\\/2019\\\/05\\\/cropped-robi-1-1.png\",\"width\":267,\"height\":342,\"caption\":\"Roboter AG der BMV-Schule Essen\"},\"image\":{\"@id\":\"https:\\\/\\\/roboter-bmv-essen.de\\\/#\\\/schema\\\/logo\\\/image\\\/\"}}]}<\/script>\n<!-- \/ Yoast SEO plugin. -->","yoast_head_json":{"title":"Der RoboCup - Roboter AG","robots":{"index":"index","follow":"follow","max-snippet":"max-snippet:-1","max-image-preview":"max-image-preview:large","max-video-preview":"max-video-preview:-1"},"canonical":"https:\/\/roboter-bmv-essen.de\/?page_id=46","og_locale":"de_DE","og_type":"article","og_title":"Der RoboCup - Roboter AG","og_description":"Der RoboCup ist ein internationaler Wettbewerb, der die Intention besitzt, vor allem jungen Leuten den Umgang mit Robotern n\u00e4her zu bringen. Dabei simulieren alle Ligen ein bestimmtes Ph\u00e4nomen vor, welches auch in der realen Welt zu finden ist (zum Beispiel geht es bei der Kategorie Rescue Line um die Simulation einer verletzten Person in schwer [&hellip;]","og_url":"https:\/\/roboter-bmv-essen.de\/?page_id=46","og_site_name":"Roboter AG","twitter_card":"summary_large_image","schema":{"@context":"https:\/\/schema.org","@graph":[{"@type":"WebPage","@id":"https:\/\/roboter-bmv-essen.de\/?page_id=46","url":"https:\/\/roboter-bmv-essen.de\/?page_id=46","name":"Der RoboCup - Roboter AG","isPartOf":{"@id":"https:\/\/roboter-bmv-essen.de\/#website"},"datePublished":"2019-05-14T14:33:10+00:00","breadcrumb":{"@id":"https:\/\/roboter-bmv-essen.de\/?page_id=46#breadcrumb"},"inLanguage":"de","potentialAction":[{"@type":"ReadAction","target":["https:\/\/roboter-bmv-essen.de\/?page_id=46"]}]},{"@type":"BreadcrumbList","@id":"https:\/\/roboter-bmv-essen.de\/?page_id=46#breadcrumb","itemListElement":[{"@type":"ListItem","position":1,"name":"Startseite","item":"https:\/\/roboter-bmv-essen.de\/"},{"@type":"ListItem","position":2,"name":"Der RoboCup"}]},{"@type":"WebSite","@id":"https:\/\/roboter-bmv-essen.de\/#website","url":"https:\/\/roboter-bmv-essen.de\/","name":"Die Roboter AG","description":"Auf dem Weg nach Sydney","publisher":{"@id":"https:\/\/roboter-bmv-essen.de\/#organization"},"potentialAction":[{"@type":"SearchAction","target":{"@type":"EntryPoint","urlTemplate":"https:\/\/roboter-bmv-essen.de\/?s={search_term_string}"},"query-input":{"@type":"PropertyValueSpecification","valueRequired":true,"valueName":"search_term_string"}}],"inLanguage":"de"},{"@type":"Organization","@id":"https:\/\/roboter-bmv-essen.de\/#organization","name":"Roboter AG der BMV-Schule Essen","url":"https:\/\/roboter-bmv-essen.de\/","logo":{"@type":"ImageObject","inLanguage":"de","@id":"https:\/\/roboter-bmv-essen.de\/#\/schema\/logo\/image\/","url":"https:\/\/roboter-bmv-essen.de\/wp-content\/uploads\/2019\/05\/cropped-robi-1-1.png","contentUrl":"https:\/\/roboter-bmv-essen.de\/wp-content\/uploads\/2019\/05\/cropped-robi-1-1.png","width":267,"height":342,"caption":"Roboter AG der BMV-Schule Essen"},"image":{"@id":"https:\/\/roboter-bmv-essen.de\/#\/schema\/logo\/image\/"}}]}},"_links":{"self":[{"href":"https:\/\/roboter-bmv-essen.de\/index.php?rest_route=\/wp\/v2\/pages\/46","targetHints":{"allow":["GET"]}}],"collection":[{"href":"https:\/\/roboter-bmv-essen.de\/index.php?rest_route=\/wp\/v2\/pages"}],"about":[{"href":"https:\/\/roboter-bmv-essen.de\/index.php?rest_route=\/wp\/v2\/types\/page"}],"author":[{"embeddable":true,"href":"https:\/\/roboter-bmv-essen.de\/index.php?rest_route=\/wp\/v2\/users\/3"}],"replies":[{"embeddable":true,"href":"https:\/\/roboter-bmv-essen.de\/index.php?rest_route=%2Fwp%2Fv2%2Fcomments&post=46"}],"version-history":[{"count":0,"href":"https:\/\/roboter-bmv-essen.de\/index.php?rest_route=\/wp\/v2\/pages\/46\/revisions"}],"wp:attachment":[{"href":"https:\/\/roboter-bmv-essen.de\/index.php?rest_route=%2Fwp%2Fv2%2Fmedia&parent=46"}],"curies":[{"name":"wp","href":"https:\/\/api.w.org\/{rel}","templated":true}]}}